en 204 is divided by d?
22
Suppose 8 - 80 = -2*q. Let g = 29 - q. What is the remainder when 12 is divided by 2/7 - 26/g?
0
Suppose -18 = 5*t + f - 0*f, 4*t - f = -18. Let p(h) = -h**2 - 7*h. Let d be p(5). Calculate the remainder when t*(0 - d/(-16)) is divided by 9.
6
Suppose -4*i = -5*r - 72, -3*i + 3*r + 74 - 20 = 0. Suppose -124 = -i*o + 14*o. Let j = 34 + 89. Calculate the remainder when j is divided by o.
30
Suppose -3*j + 214 = -5*g - 0*g, -202 = -3*j - g. Suppose 14*u = j + 828. Suppose 5*w = 9*w - u. Calculate the remainder when 63 is divided by w.
15
Suppose 0 = 445*r - 444*r - 173. Let t(h) = 2*h**2 + 15*h + 12. What is the remainder when r is divided by t(-11)?
84
Calculate the remainder when 12 is divided by (-8)/10 + -3*(-264)/90.
4
Suppose -3 = -2*u + 53. Suppose 5*y = 3*i + 89, 4*y - 2*i + 0*i - 70 = 0. Let d = 65 + y. What is the remainder when d is divided by u?
25
Calculate the remainder when ((-204475)/18 - 4/(-18))*(-2896)/4344 is divided by 18.
13
Let p be ((-4672)/(-32))/(2/(-5)). Let o = -295 - p. Calculate the remainder when o is divided by 9.
7
Suppose 50*j - 1115 - 6685 = 0. Calculate the remainder when j is divided by 20.
16
Let w = -13 + 36. Suppose -5*i = d + 180, 6*d - 50 = 2*i + 2*d. Let h = i - -48. What is the remainder when w is divided by h?
10
Let a = -145 - -170. Calculate the remainder when ((-108)/a)/((-26)/65)*25 is divided by 39.
36
Let p = 20052 - 19706. What is the remainder when p is divided by 29?
27
Let t = -138 - -109. Let s = t + 102. What is the remainder when s is divided by 19?
16
Let p be 0*2/48*6. Suppose p = -24*y + 26*y + s - 36, -s + 16 = y. Calculate the remainder when 2/9 + 331/9 is divided by y.
17
Calculate the remainder when 125 is divided by (1 - -3)/(702/99 + -7).
37
Let g(q) = -12*q + 45. Let t be g(5). Let x = 17 + t. Suppose -l = -0*l + x*p - 9, -3*p - 4 = -2*l. What is the remainder when 23 is divided by l?
3
Suppose -1783 - 1913 = -52*s + 19*s. Let u(f) = -8*f + 1. Let c(k) = 15*k - 3. Let l(z) = 4*c(z) + 7*u(z). Calculate the remainder when s is divided by l(7).
20
Let h(w) = -w**3 - 29*w**2 - 79*w + 66. What is the remainder when 2202 is divided by h(-26)?
86
Let t = -12 + 9. Let z = 17 + t. Let f = -5 - -43. Calculate the remainder when f is divided by z.
10
Calculate the remainder when -143*(135/(-81) - 1/3) is divided by 85.
31
Let g = 13239 + -13227. Calculate the remainder when 4367 is divided by g.
11
Let u = 21 - -18. Let a = 33 - u. Calculate the remainder when 20 is divided by (-2 - a)/(10/20).
4
Let h(w) = 7*w + 64. Calculate the remainder when 412 is divided by h(3).
72
Suppose -u + 56 = 2*t, 15 = 5*t + 5*u - 135. Suppose -f + 18 = 2*r, -3*r = -7*f + 2*f + 25. Let c = t - f. What is the remainder when 35 is divided by c?
17
Let h(t) be the first derivative of 7*t**3/3 + 3*t**2/2 - 1. Let p(j) = 3*j - 1. Let i be p(0). Calculate the remainder when 9 is divided by h(i).
1
Let z(m) = -21*m - 6. Suppose 0 = o - g - 58, 0 = o - 32*g + 22*g - 4. Calculate the remainder when z(-7) is divided by o.
13
Let s be (5 - 17/3)*3. What is the remainder when 74 is divided by ((-9)/s + 3)*(-72)/(-20)?
20
Let h(j) be the first derivative of -j**4/2 - j**3/3 - j**2/2 + j - 1. Let n be h(2). Let x = -9 - n. Calculate the remainder when x is divided by 7.
5
Let l(u) = 2*u**2 + 11*u - 4. Let k be l(-6). Suppose 3*y - 57 = k*y. Suppose 0 = 3*q - 6*q + y. Calculate the remainder when 54 is divided by q.
16
Suppose 0 = a + 6 - 17. Suppose 12*x = a*x + 24. What is the remainder when x is divided by 5/20*-2*2 - -11?
4
Suppose -5*z + 298 = -2*h, 0*z - 154 = h - 5*z. Let o = 248 + h. What is the remainder when o is divided by 21?
20
Suppose -w = 2 - 6. Suppose w*p = 5*p - 6. Suppose -12*z = 57*z - 345. Calculate the remainder when p is divided by z.
1
Calculate the remainder when (-35)/(-105) - (-14785)/10*4/6 is divided by 38.
36
Suppose 114*n - 26286 - 79434 = 54*n. Calculate the remainder when n is divided by 70.
12
Calculate the remainder when 72*((-6)/21 + (-760)/(-798)) is divided by 25.
23
Suppose 4*t - 983 - 236 = 3*d, 4*d = -3*t + 908. What is the remainder when t is divided by 2?
0
Suppose -48*b = -2718 - 2130. Calculate the remainder when b is divided by 28.
17
What is the remainder when (7780/(-70))/((-22)/154) is divided by 76?
18
Let g(t) = 12*t + 49. Let w be g(-6). Let c = -3 + 5. What is the remainder when 17 is divided by c + -1 + (-46)/w?
2
Suppose -5*y = 4*z - 322, -8*y - 8 = -4*y. Calculate the remainder when z is divided by (-6)/33 + (-2646)/(-154).
15
Suppose 123*v + 30*v - 6410 = 9043. What is the remainder when 491 is divided by v?
87
Let j(i) = 42*i + 796. What is the remainder when j(-9) is divided by 24/(-10)*(-4 - 1)?
10
Let i = 6369 - 6340. What is the remainder when 523 is divided by i?
1
Let o(r) = -r**3 + 4*r**2 + 2*r - 14. Let p be o(4). What is the remainder when (-269)/(1 + -4*(-3)/p) is divided by 30?
29
Let y = 115 - 99. Let m be y*-2*(-22)/8. Suppose -23*o + m = -19*o. What is the remainder when o is divided by 5?
2
What is the remainder when 836 is divided by 14/1 - (5 - 2)*2?
4
Let s(l) = 97*l - 88. Let g be s(-8). Let r = g + 918. What is the remainder when 376 is divided by r?
52
Let u = 0 - 0. Let g = 0 - u. Suppose -4*r = 5*w - 102 + 29, -4*r + w + 67 = g. Calculate the remainder when r is divided by 5.
2
Suppose 2*l = 4*l, -4*l = 3*n - 6. Let b be 0/n - (0 - 2). What is the remainder when 189 is divided by (b/4)/(20/760)?
18
Calculate the remainder when 4029 is divided by (-3 - -1)/((-318)/10176).
61
Suppose 0 = 4*l - l - 6. Suppose w + w - 7 = -5*v, -4*w = -4. Calculate the remainder when v is divided by (l/(-5))/(2/(-5)).
0
Let x(k) = k**3 - 4*k**2 - 3*k - 9. Let q be x(5). Let r be 3 - 5 - q - -1. Let y(j) = -2*j + 2. What is the remainder when 17 is divided by y(r)?
5
Let s = -461 + 522. Calculate the remainder when s is divided by 30.
1
Suppose -16*h = -6*h - 50. Suppose -7*b + h*b - 158 = -2*u, -3*u + b + 245 = 0. Calculate the remainder when u is divided by 12.
11
Suppose 218 = -7*v + 344. Suppose 5*i = 687 - 242. Calculate the remainder when i is divided by v.
17
Suppose -2*w + 1018 = -6*q, -123*w + 125*w - 1054 = -3*q. Calculate the remainder when w is divided by 44.
37
Let v = 191 - 172. Let i be (-4)/(-6) - -2*263/3. Let o = i + -124. Calculate the remainder when o is divided by v.
14
Suppose 200 = l + 3*d, 176 = 6*l - 5*l - 3*d. Suppose -139 + 37 = -3*p. What is the remainder when p is divided by l/16 - (2 - (-18)/(-8))?
10
Let k(v) = -v**3 - 10*v**2 + 352. Calculate the remainder when k(-13) is divided by 2.
1
Let h = -195 + 297. Suppose -21*v - 141 = -24*v. Calculate the remainder when h is divided by v.
8
Suppose 35*b - 36*b - 2*t = -17, b - 2*t = 45. Calculate the remainder when b is divided by 25.
6
Suppose -17*x + 157296 = 51403. Calculate the remainder when x is divided by 23.
19
Let t(p) = -31*p - 1. Let n(g) = 62*g + 2. Let z(j) = 4*n(j) + 9*t(j). Suppose -29*v - 96 = -41*v. What is the remainder when z(-1) is divided by v?
6
Let x be 1*881 - (-31 + 31). Let o = -825 + x. Let y = 34 - 18. What is the remainder when o is divided by y?
8
Suppose -3*j + 3*z = -318, 4*z + 60 + 144 = 2*j. Let g = -45 - -22. Let f = g + j. What is the remainder when f is divided by 22?
21
Let n = 15892 - 15791. What is the remainder when 401 is divided by n?
98
Let g(v) = -15*v - 469. Calculate the remainder when 2614 is divided by g(-53).
6
What is the remainder when (-2)/3 + (36/(-360))/(18/(-128460)) is divided by 232?
17
Suppose 0 = -y - 21 + 28, y = -5*k + 1037. What is the remainder when 1658 is divided by k?
10
Let w(l) = 3*l**2 + 23*l + 102. Let u = 295 - 250. Calculate the remainder when w(-10) is divided by u.
37
Let m = 273 + -269. Suppose -10 = -5*x + m*g + 18, 0 = -2*x + 3*g + 7. What is the remainder when 19 is divided by x?
3
Let k = -175 + 163. What is the remainder when (-4)/(-3)*(-126)/k is divided by 8?
6
Let o(i) = -224*i + 113. What is the remainder when o(-2) is divided by 3?
0
Let g = -10 + 13. Suppose -1 = 4*q - g*r - 97, 24 = q + r. Calculate the remainder when 85 is divided by q.
13
Let m(v) = v**2 + 5*v + 3. Let y be m(-4). Let t be 3/(6/(-410))*y. Suppose -53 = 8*n - t. What is the remainder when 93 is divided by n